[INFO] cloning repository https://github.com/TrionProg/stm32_test
[INFO] running `Command { std: "git" "-c" "credential.helper=" "-c" "credential.helper=/workspace/cargo-home/bin/git-credential-null" "clone" "--bare" "https://github.com/TrionProg/stm32_test" "/workspace/cache/git-repos/https%3A%2F%2Fgithub.com%2FTrionProg%2Fstm32_test", kill_on_drop: false }`
[INFO] [stderr] Cloning into bare repository '/workspace/cache/git-repos/https%3A%2F%2Fgithub.com%2FTrionProg%2Fstm32_test'...
[INFO] running `Command { std: "git" "rev-parse" "HEAD", kill_on_drop: false }`
[INFO] [stdout] a026cb964b851ad24fbb2be7b69cdebf9e23b7a1
[INFO] checking TrionProg/stm32_test against try#72f88fc4e9458f89516a0b8b0868f3718aec5b47 for pr-74989
[INFO] running `Command { std: "git" "clone" "/workspace/cache/git-repos/https%3A%2F%2Fgithub.com%2FTrionProg%2Fstm32_test" "/workspace/builds/worker-8/source", kill_on_drop: false }`
[INFO] [stderr] Cloning into '/workspace/builds/worker-8/source'...
[INFO] [stderr] done.
[INFO] validating manifest of git repo https://github.com/TrionProg/stm32_test on toolchain 72f88fc4e9458f89516a0b8b0868f3718aec5b47
[INFO] running `Command { std: "/workspace/cargo-home/bin/cargo" "+72f88fc4e9458f89516a0b8b0868f3718aec5b47" "read-manifest" "--manifest-path" "Cargo.toml", kill_on_drop: false }`
[INFO] removed /workspace/builds/worker-8/source/.cargo/config
[INFO] started tweaking git repo https://github.com/TrionProg/stm32_test
[INFO] removed path dependency f3 from git repo https://github.com/TrionProg/stm32_test
[INFO] finished tweaking git repo https://github.com/TrionProg/stm32_test
[INFO] tweaked toml for git repo https://github.com/TrionProg/stm32_test written to /workspace/builds/worker-8/source/Cargo.toml
[INFO] crate git repo https://github.com/TrionProg/stm32_test already has a lockfile, it will not be regenerated
[INFO] running `Command { std: "/workspace/cargo-home/bin/cargo" "+72f88fc4e9458f89516a0b8b0868f3718aec5b47" "fetch" "--locked" "--manifest-path" "Cargo.toml", kill_on_drop: false }`
[INFO] [stderr] warning: dependency (f3) specified without providing a local path, Git repository, or version to use. This will be considered an error in future versions
[INFO] [stderr]     Updating crates.io index
[INFO] [stderr] error: the lock file /workspace/builds/worker-8/source/Cargo.lock needs to be updated but --locked was passed to prevent this
[INFO] [stderr] If you want to try to generate the lock file without accessing the network, use the --offline flag.
[INFO] the lockfile is outdated, regenerating it
[INFO] running `Command { std: "/workspace/cargo-home/bin/cargo" "+72f88fc4e9458f89516a0b8b0868f3718aec5b47" "generate-lockfile" "--manifest-path" "Cargo.toml" "-Zno-index-update", kill_on_drop: false }`
[INFO] running `Command { std: "/workspace/cargo-home/bin/cargo" "+72f88fc4e9458f89516a0b8b0868f3718aec5b47" "fetch" "--locked" "--manifest-path" "Cargo.toml", kill_on_drop: false }`
[INFO] [stderr] warning: dependency (f3) specified without providing a local path, Git repository, or version to use. This will be considered an error in future versions
[INFO] [stderr]  Downloading crates ...
[INFO] [stderr]   Downloaded aligned v0.3.4
[INFO] [stderr]   Downloaded cortex-m v0.6.3
[INFO] running `Command { std: "docker" "create" "-v" "/var/lib/crater-agent-workspace/builds/worker-8/target:/opt/rustwide/target:rw,Z" "-v" "/var/lib/crater-agent-workspace/builds/worker-8/source:/opt/rustwide/workdir:ro,Z" "-v" "/var/lib/crater-agent-workspace/cargo-home:/opt/rustwide/cargo-home:ro,Z" "-v" "/var/lib/crater-agent-workspace/rustup-home:/opt/rustwide/rustup-home:ro,Z" "-e" "SOURCE_DIR=/opt/rustwide/workdir" "-e" "CARGO_TARGET_DIR=/opt/rustwide/target" "-e" "CARGO_HOME=/opt/rustwide/cargo-home" "-e" "RUSTUP_HOME=/opt/rustwide/rustup-home" "-w" "/opt/rustwide/workdir" "-m" "1610612736" "--user" "0:0" "--network" "none" "rustops/crates-build-env@sha256:d92eaeed33fa75130ca1ee6c8a01d1ffb62bac859dfdfb3450e3e5d1c0146529" "/opt/rustwide/cargo-home/bin/cargo" "+72f88fc4e9458f89516a0b8b0868f3718aec5b47" "metadata" "--no-deps" "--format-version=1", kill_on_drop: false }`
[INFO] [stderr] WARNING: Your kernel does not support swap limit capabilities or the cgroup is not mounted. Memory limited without swap.
[INFO] [stdout] b20659cc91247711764c2a1d52858f96a5206f704ec2281f9afa6662f78b4211
[INFO] running `Command { std: "docker" "start" "-a" "b20659cc91247711764c2a1d52858f96a5206f704ec2281f9afa6662f78b4211", kill_on_drop: false }`
[INFO] running `Command { std: "docker" "inspect" "b20659cc91247711764c2a1d52858f96a5206f704ec2281f9afa6662f78b4211", kill_on_drop: false }`
[INFO] running `Command { std: "docker" "rm" "-f" "b20659cc91247711764c2a1d52858f96a5206f704ec2281f9afa6662f78b4211", kill_on_drop: false }`
[INFO] [stdout] b20659cc91247711764c2a1d52858f96a5206f704ec2281f9afa6662f78b4211
[INFO] running `Command { std: "docker" "create" "-v" "/var/lib/crater-agent-workspace/builds/worker-8/target:/opt/rustwide/target:rw,Z" "-v" "/var/lib/crater-agent-workspace/builds/worker-8/source:/opt/rustwide/workdir:ro,Z" "-v" "/var/lib/crater-agent-workspace/cargo-home:/opt/rustwide/cargo-home:ro,Z" "-v" "/var/lib/crater-agent-workspace/rustup-home:/opt/rustwide/rustup-home:ro,Z" "-e" "SOURCE_DIR=/opt/rustwide/workdir" "-e" "CARGO_TARGET_DIR=/opt/rustwide/target" "-e" "CARGO_INCREMENTAL=0" "-e" "RUST_BACKTRACE=full" "-e" "RUSTFLAGS=--cap-lints=forbid" "-e" "CARGO_HOME=/opt/rustwide/cargo-home" "-e" "RUSTUP_HOME=/opt/rustwide/rustup-home" "-w" "/opt/rustwide/workdir" "-m" "1610612736" "--user" "0:0" "--network" "none" "rustops/crates-build-env@sha256:d92eaeed33fa75130ca1ee6c8a01d1ffb62bac859dfdfb3450e3e5d1c0146529" "/opt/rustwide/cargo-home/bin/cargo" "+72f88fc4e9458f89516a0b8b0868f3718aec5b47" "check" "--frozen" "--all" "--all-targets" "--message-format=json", kill_on_drop: false }`
[INFO] [stderr] WARNING: Your kernel does not support swap limit capabilities or the cgroup is not mounted. Memory limited without swap.
[INFO] [stdout] 7660f6877d010a567d2ffb6f52c32ef561938164f707b0ef54aef806f879f565
[INFO] running `Command { std: "docker" "start" "-a" "7660f6877d010a567d2ffb6f52c32ef561938164f707b0ef54aef806f879f565", kill_on_drop: false }`
[INFO] [stderr] warning: dependency (f3) specified without providing a local path, Git repository, or version to use. This will be considered an error in future versions
[INFO] [stderr]     Checking stable_deref_trait v1.2.0
[INFO] [stderr]    Compiling cortex-m v0.6.3
[INFO] [stderr]     Checking nb v1.0.0
[INFO] [stderr]     Checking vcell v0.1.2
[INFO] [stderr]     Checking void v1.0.2
[INFO] [stderr]    Compiling stm32f30x v0.7.1
[INFO] [stderr]    Compiling f3 v0.6.1
[INFO] [stderr]    Compiling typenum v1.12.0
[INFO] [stderr]    Compiling bare-metal v0.2.5
[INFO] [stderr]    Compiling cast v0.2.3
[INFO] [stderr]     Checking volatile-register v0.2.0
[INFO] [stderr]     Checking nb v0.1.3
[INFO] [stderr]     Checking embedded-hal v0.2.4
[INFO] [stderr]    Compiling cortex-m v0.5.10
[INFO] [stderr]     Checking generic-array v0.13.2
[INFO] [stderr]     Checking generic-array v0.12.3
[INFO] [stderr]     Checking generic-array v0.11.1
[INFO] [stderr]     Checking as-slice v0.1.3
[INFO] [stderr]     Checking lsm303dlhc v0.2.0
[INFO] [stderr]     Checking l3gd20 v0.2.0
[INFO] [stderr]     Checking aligned v0.3.4
[INFO] [stderr]     Checking stm32f30x-hal v0.2.0
[INFO] [stderr]     Checking foo v0.1.0 (/opt/rustwide/workdir)
[INFO] [stdout] error[E0432]: unresolved import `f3::Box`
[INFO] [stdout]   --> src/main.rs:11:5
[INFO] [stdout]    |
[INFO] [stdout] 11 | use f3::Box;
[INFO] [stdout]    |     ^^^^^^^ no `Box` in the root
[INFO] [stdout] 
[INFO] [stdout] 
[INFO] [stdout] error[E0432]: unresolved import `f3::gpioe`
[INFO] [stdout]   --> src/main.rs:13:9
[INFO] [stdout]    |
[INFO] [stdout] 13 | use f3::gpioe::{E8,E9};
[INFO] [stdout]    |         ^^^^^ could not find `gpioe` in `f3`
[INFO] [stdout] 
[INFO] [stdout] 
[INFO] [stdout] error[E0433]: failed to resolve: could not find `stm` in `f3`
[INFO] [stdout]   --> src/main.rs:22:9
[INFO] [stdout]    |
[INFO] [stdout] 22 | use f3::stm::timer::{BasicTimer, BasicTimerConfig};
[INFO] [stdout]    |         ^^^ could not find `stm` in `f3`
[INFO] [stdout] 
[INFO] [stdout] 
[INFO] [stdout] error[E0432]: unresolved import `f3::output`
[INFO] [stdout]   --> src/main.rs:14:9
[INFO] [stdout]    |
[INFO] [stdout] 14 | use f3::output::{Output,OutputFun};
[INFO] [stdout]    |         ^^^^^^ could not find `output` in `f3`
[INFO] [stdout] 
[INFO] [stdout] 
[INFO] [stdout] error[E0432]: unresolved import `f3::timer6`
[INFO] [stdout]   --> src/main.rs:23:9
[INFO] [stdout]    |
[INFO] [stdout] 23 | use f3::timer6::Timer6;
[INFO] [stdout]    |         ^^^^^^ could not find `timer6` in `f3`
[INFO] [stdout] 
[INFO] [stdout] 
[INFO] [stdout] error[E0432]: unresolved import `f3::Box`
[INFO] [stdout]   --> src/main.rs:11:5
[INFO] [stdout]    |
[INFO] [stdout] 11 | use f3::Box;
[INFO] [stdout]    |     ^^^^^^^ no `Box` in the root
[INFO] [stdout] 
[INFO] [stdout] 
[INFO] [stdout] error[E0432]: unresolved import `f3::gpioe`
[INFO] [stdout]   --> src/main.rs:13:9
[INFO] [stdout]    |
[INFO] [stdout] 13 | use f3::gpioe::{E8,E9};
[INFO] [stdout]    |         ^^^^^ could not find `gpioe` in `f3`
[INFO] [stdout] 
[INFO] [stdout] 
[INFO] [stdout] error[E0433]: failed to resolve: could not find `stm` in `f3`
[INFO] [stdout]   --> src/main.rs:22:9
[INFO] [stdout]    |
[INFO] [stdout] 22 | use f3::stm::timer::{BasicTimer, BasicTimerConfig};
[INFO] [stdout]    |         ^^^ could not find `stm` in `f3`
[INFO] [stdout] 
[INFO] [stdout] 
[INFO] [stdout] error[E0432]: unresolved import `f3::output`
[INFO] [stdout]   --> src/main.rs:14:9
[INFO] [stdout]    |
[INFO] [stdout] 14 | use f3::output::{Output,OutputFun};
[INFO] [stdout]    |         ^^^^^^ could not find `output` in `f3`
[INFO] [stdout] 
[INFO] [stdout] 
[INFO] [stdout] error[E0432]: unresolved import `f3::timer6`
[INFO] [stdout]   --> src/main.rs:23:9
[INFO] [stdout]    |
[INFO] [stdout] 23 | use f3::timer6::Timer6;
[INFO] [stdout]    |         ^^^^^^ could not find `timer6` in `f3`
[INFO] [stdout] 
[INFO] [stdout] 
[INFO] [stdout] error[E0433]: failed to resolve: use of undeclared type or module `BasicTimer`
[INFO] [stdout]   --> src/main.rs:25:32
[INFO] [stdout]    |
[INFO] [stdout] 25 | static tim6:BasicTimer<Timer6>=BasicTimer::new(
[INFO] [stdout]    |                                ^^^^^^^^^^ use of undeclared type or module `BasicTimer`
[INFO] [stdout] 
[INFO] [stdout] 
[INFO] [stdout] error[E0412]: cannot find type `BasicTimer` in this scope
[INFO] [stdout]   --> src/main.rs:25:13
[INFO] [stdout]    |
[INFO] [stdout] 25 | static tim6:BasicTimer<Timer6>=BasicTimer::new(
[INFO] [stdout]    |             ^^^^^^^^^^ not found in this scope
[INFO] [stdout] 
[INFO] [stdout] 
[INFO] [stdout] error[E0422]: cannot find struct, variant or union type `BasicTimerConfig` in this scope
[INFO] [stdout]   --> src/main.rs:26:5
[INFO] [stdout]    |
[INFO] [stdout] 26 |     BasicTimerConfig{
[INFO] [stdout]    |     ^^^^^^^^^^^^^^^^ not found in this scope
[INFO] [stdout] 
[INFO] [stdout] 
[INFO] [stdout] error[E0425]: cannot find function `int_en` in crate `f3`
[INFO] [stdout]   --> src/main.rs:51:13
[INFO] [stdout]    |
[INFO] [stdout] 51 |         f3::int_en();
[INFO] [stdout]    |             ^^^^^^ not found in `f3`
[INFO] [stdout] 
[INFO] [stdout] 
[INFO] [stdout] warning: unused `#[macro_use]` import
[INFO] [stdout]  --> src/main.rs:8:1
[INFO] [stdout]   |
[INFO] [stdout] 8 | #[macro_use]
[INFO] [stdout]   | ^^^^^^^^^^^^
[INFO] [stdout]   |
[INFO] [stdout]   = note: `#[warn(unused_imports)]` on by default
[INFO] [stdout] 
[INFO] [stdout] 
[INFO] [stdout] error[E0433]: failed to resolve: use of undeclared type or module `BasicTimer`
[INFO] [stdout]   --> src/main.rs:25:32
[INFO] [stdout]    |
[INFO] [stdout] 25 | static tim6:BasicTimer<Timer6>=BasicTimer::new(
[INFO] [stdout]    |                                ^^^^^^^^^^ use of undeclared type or module `BasicTimer`
[INFO] [stdout] 
[INFO] [stdout] 
[INFO] [stdout] error[E0412]: cannot find type `BasicTimer` in this scope
[INFO] [stdout]   --> src/main.rs:25:13
[INFO] [stdout]    |
[INFO] [stdout] 25 | static tim6:BasicTimer<Timer6>=BasicTimer::new(
[INFO] [stdout]    |             ^^^^^^^^^^ not found in this scope
[INFO] [stdout] 
[INFO] [stdout] 
[INFO] [stdout] error[E0422]: cannot find struct, variant or union type `BasicTimerConfig` in this scope
[INFO] [stdout]   --> src/main.rs:26:5
[INFO] [stdout]    |
[INFO] [stdout] 26 |     BasicTimerConfig{
[INFO] [stdout]    |     ^^^^^^^^^^^^^^^^ not found in this scope
[INFO] [stdout] 
[INFO] [stdout] 
[INFO] [stdout] error[E0425]: cannot find function `int_en` in crate `f3`
[INFO] [stdout]   --> src/main.rs:51:13
[INFO] [stdout]    |
[INFO] [stdout] 51 |         f3::int_en();
[INFO] [stdout]    |             ^^^^^^ not found in `f3`
[INFO] [stdout] 
[INFO] [stdout] 
[INFO] [stdout] error: language item required, but not found: `eh_personality`
[INFO] [stdout] 
[INFO] [stdout] 
[INFO] [stdout] error: `#[panic_handler]` function required, but not found
[INFO] [stdout] 
[INFO] [stdout] 
[INFO] [stdout] warning: unused `#[macro_use]` import
[INFO] [stdout]  --> src/main.rs:8:1
[INFO] [stdout]   |
[INFO] [stdout] 8 | #[macro_use]
[INFO] [stdout]   | ^^^^^^^^^^^^
[INFO] [stdout]   |
[INFO] [stdout]   = note: `#[warn(unused_imports)]` on by default
[INFO] [stdout] 
[INFO] [stdout] 
[INFO] [stdout] warning: unreachable expression
[INFO] [stdout]   --> src/main.rs:77:5
[INFO] [stdout]    |
[INFO] [stdout] 68 | /     loop{
[INFO] [stdout] 69 | |         led1.turn(true);
[INFO] [stdout] 70 | |         tim6.wait(500);
[INFO] [stdout] 71 | |         led1.turn(false);
[INFO] [stdout] 72 | |         tim6.wait(500);
[INFO] [stdout] 73 | |     }
[INFO] [stdout]    | |_____- any code following this expression is unreachable
[INFO] [stdout] ...
[INFO] [stdout] 77 |       loop{}
[INFO] [stdout]    |       ^^^^^^ unreachable expression
[INFO] [stdout]    |
[INFO] [stdout]    = note: `#[warn(unreachable_code)]` on by default
[INFO] [stdout] 
[INFO] [stdout] 
[INFO] [stdout] error: aborting due to 9 previous errors; 2 warnings emitted
[INFO] [stdout] 
[INFO] [stdout] 
[INFO] [stdout] Some errors have detailed explanations: E0412, E0422, E0425, E0432, E0433.
[INFO] [stdout] 
[INFO] [stdout] For more information about an error, try `rustc --explain E0412`.
[INFO] [stdout] 
[INFO] [stdout] warning: unreachable expression
[INFO] [stdout]   --> src/main.rs:77:5
[INFO] [stdout]    |
[INFO] [stdout] 68 | /     loop{
[INFO] [stdout] 69 | |         led1.turn(true);
[INFO] [stdout] 70 | |         tim6.wait(500);
[INFO] [stdout] 71 | |         led1.turn(false);
[INFO] [stdout] 72 | |         tim6.wait(500);
[INFO] [stdout] 73 | |     }
[INFO] [stdout]    | |_____- any code following this expression is unreachable
[INFO] [stdout] ...
[INFO] [stdout] 77 |       loop{}
[INFO] [stdout]    |       ^^^^^^ unreachable expression
[INFO] [stdout]    |
[INFO] [stdout]    = note: `#[warn(unreachable_code)]` on by default
[INFO] [stdout] 
[INFO] [stdout] 
[INFO] [stderr] error: could not compile `foo`.
[INFO] [stderr] 
[INFO] [stderr] To learn more, run the command again with --verbose.
[INFO] [stderr] warning: build failed, waiting for other jobs to finish...
[INFO] [stdout] error: aborting due to 11 previous errors; 2 warnings emitted
[INFO] [stdout] 
[INFO] [stdout] 
[INFO] [stdout] Some errors have detailed explanations: E0412, E0422, E0425, E0432, E0433.
[INFO] [stdout] 
[INFO] [stdout] For more information about an error, try `rustc --explain E0412`.
[INFO] [stdout] 
[INFO] [stderr] error: build failed
[INFO] running `Command { std: "docker" "inspect" "7660f6877d010a567d2ffb6f52c32ef561938164f707b0ef54aef806f879f565", kill_on_drop: false }`
[INFO] running `Command { std: "docker" "rm" "-f" "7660f6877d010a567d2ffb6f52c32ef561938164f707b0ef54aef806f879f565", kill_on_drop: false }`
[INFO] [stdout] 7660f6877d010a567d2ffb6f52c32ef561938164f707b0ef54aef806f879f565
